 the units digit of f?
4
Suppose -4*l + 49026 = 5*q, 19617 = 2*q + 46*l - 51*l. What is the units digit of q?
6
Suppose -p - 422259 = -5*h, 123*h - 121*h + 5*p - 168882 = 0. What is the units digit of h?
1
Let j(s) = -25*s - 90. Let i be j(-4). Suppose i*o = 3045 + 2425. What is the units digit of o?
7
Suppose 2*f + 0*q = 3*q - 79, 5*f = -3*q - 187. Let l(d) = -6*d + 126. What is the tens digit of l(f)?
5
Let m be (-6 + 6/2)/((-15)/20). Suppose -2*h - 2*a + 94 = -26, m*h - 5*a - 195 = 0. What is the units digit of 1038/22 + ((-10)/h - 0)?
7
What is the units digit of -2*(-1)/7 + (-44396856)/(-1323)?
8
Suppose -5*k + 4*c + 8 = -8, 4*c = 3*k - 16. Let r(s) = s**2 - 2*s + 1. Let g be r(k). Suppose -5*f + 64 = -4*y, -10 - g = -f - y. What is the units digit of f?
2
Let v = 3752 + 24825. What is the hundreds digit of v?
5
Suppose -125*a - 1028912 + 1535633 + 2419529 = 0. What is the tens digit of a?
1
Let w(f) be the third derivative of 13*f**5/30 - 5*f**4/24 - 13*f**3/6 + 56*f**2. What is the units digit of w(-4)?
3
What is the hundreds digit of (108/(-135))/(1/(-5))*337?
3
Suppose -106*g + 5963258 - 1110366 = 0. What is the tens digit of g?
8
Let m = -18 + 20. Suppose m*c + c = 135. Suppose -2*x + x = -c. What is the tens digit of x?
4
Suppose -119*t + 150 = -124*t. Let b be (7686/t)/(-3) + (-4)/10. Suppose m - b = 2*h, 3*m = -m - h + 313. What is the tens digit of m?
7
Let p(z) = 10*z**2 + 4*z + 3. Let a(c) = c**2 - c. Let x(o) = 2*a(o) + p(o). Suppose 18 = -61*w + 67*w. What is the tens digit of x(w)?
1
Suppose 0 = 12*b - 3 - 33. Suppose 1207 = b*d - 158. What is the units digit of d?
5
Let u be ((-22)/(-44))/(2/184). Suppose -3*p + 26*p = u. What is the units digit of p?
2
Let w be 414/(-15) + 4/(-10). Let g(j) be the third derivative of -j**5/30 - 29*j**4/12 - 31*j**3/6 - j**2 + 79. What is the units digit of g(w)?
5
Let a(y) = 27 - y + 4*y**3 - y - 42 - 2*y**2 + 25. What is the units digit of a(2)?
0
Let c(o) = -o**3 + 9*o**2 + 11*o + 6. Let q be c(10). Suppose 0 = -9*z + q*z. What is the units digit of -3 + 678/6 - (-3 + z)?
3
Let u(i) = -133*i - 2. Suppose 0 = -5*g + 9*g + 16, 0 = 5*w - 3*g - 7. What is the tens digit of u(w)?
3
What is the hundreds digit of (-175)/2*(-6)/(-18)*-246?
1
Suppose -40*b = 2*r - 43*b - 55998, 3*b + 112002 = 4*r. What is the units digit of r?
2
Let r(h) = h**2 + 3*h - 8. Let m be r(-6). Suppose -5025 - 5370 = -11*v. Suppose 3*k - m*k = -v. What is the hundreds digit of k?
1
Suppose -4403 = 2*v - 15833. Suppose -4*c - c = -v. What is the tens digit of c?
4
Let t be (-850852)/(-60) - 2 - 8/(-60). Suppose -49*i + t + 6695 = 0. What is the tens digit of i?
2
Let w be -1 - (-3 + 0 + 2) - -4. Suppose -m - 5 = w*m. Let t(y) = -7*y**3 + 2*y + 1. What is the units digit of t(m)?
6
Suppose 0 = -6*q - 33084 + 8532. Let m be (q/(-165))/(2/(-20)*-2). Suppose 2*n + 4*j = 4*n - 220, 0 = n + 5*j - m. What is the hundreds digit of n?
1
Suppose 56*j - 50*j - 1932 = 0. What is the tens digit of (0 + j)/(24 + -22)?
6
Let o(v) = v**2 - 4*v - 8. Let a be o(6). Suppose 0 = 5*b - 2*z - 2327, 2*z - a*z + 8 = 0. Let p = -333 + b. What is the hundreds digit of p?
1
Suppose 5*v + 2*y = -0*v + 592, -v + 4*y = -114. Suppose 0 = -3*o - v - 230. What is the units digit of (-6 - o - 3) + -1 + 2?
8
Let z = -495 + 734. Let n = 56 - -293. Let l = n - z. What is the hundreds digit of l?
1
Let b(r) = 84 + 3*r**2 + 71 - 76 + r**2 + 26*r. What is the thousands digit of b(15)?
1
Let f be (-2 + 192/20)/(3/(-15)). Let d be (-19)/f + (-38)/4. Let a(z) = -16*z + 13. What is the units digit of a(d)?
7
Let j(w) be the first derivative of 2*w**3/3 + 15*w**2 + 195*w - 240. What is the thousands digit of j(-29)?
1
Suppose -5*l + 10*l - p - 254 = 0, -5*l - 5*p + 230 = 0. What is the units digit of 2/(-5) - (-14220)/l?
4
What is the ten thousands digit of (-10)/155 - (-2 + (-29631136)/527)?
5
Let v = -117 + 125. Suppose -v*p + 6 = -7*p + 5*h, -2*p - h = -3. What is the tens digit of (1 - (4 - p))*-58?
1
Suppose -70 = -2*r - 16. Suppose 2*t + r = -83. What is the tens digit of -2 + ((-4642)/t - 3/(-5))?
8
Let m(b) = -7*b**3 + 2*b**2 - 1. Let j be m(-1). Let z be 4/16 - (210/j)/(-7). Suppose 73 + 123 = z*w. What is the units digit of w?
9
Let q = 401 + -310. Suppose -5*o = -2*g + 1198, 2*o + q = 4*g - 2289. What is the units digit of g?
4
Suppose -5*i + 58379 = -4*p, -1 - 2 = 3*p. What is the units digit of i?
5
Let r = 80910 - 40733. What is the hundreds digit of r?
1
Let l = 99 - 95. Suppose l = -0*n - 4*n, 3*z - 2*n = 860. What is the tens digit of z?
8
Let w = 253 + -265. What is the hundreds digit of (-3009)/w + 1/4?
2
Suppose 6*q - 2*f = 4*q + 8, 5*q = f + 24. Suppose 0 = 2*r - 2, 2*i + 2 = q*i + 2*r. Suppose 2*y + y - 691 = -4*a, i = y + a - 229. What is the tens digit of y?
2
Let s(g) = -2*g**3 + 2*g**2 + 5*g - 2. Let z be s(-2). Suppose -5*r = -v - 13, z = -v + 4*v + 2*r. What is the tens digit of 28 + 0 + (v - 1)?
2
Let w = 453 + -449. Suppose w*r + 5*x - 7938 = 0, -2*r - 3*x + 4*x = -3976. What is the hundreds digit of r?
9
Suppose -48076 = -3*m - 2*f, 72*m - 3*f = 67*m + 80152. What is the tens digit of m?
2
Let d = 184 - 185. What is the tens digit of d/(-1)*624 + (-6 - -7)?
2
Suppose 6*m + 233435 = 54*m - 210421. What is the thousands digit of m?
9
Let r be (-4 - -5)*(1 - -3). Suppose -4*q - 12 = 2*p, r*q = -5*p - 10 - 2. Suppose 5*x - 7*x + 126 = p. What is the tens digit of x?
6
Suppose -3*y + 41 = -19. Suppose 0 = 43*m - 47*m + y. Suppose 3*w - m*i - 235 = -0*i, -w + 81 = -i. What is the units digit of w?
5
What is the ten thousands digit of -21 + 20 + 19297 + -2?
1
Suppose 0 = -376*d + 1478254 + 3377034. What is the thousands digit of d?
2
Let m be (-2)/6*(-7 + 7). Suppose -8*h - 767 + 3327 = m. What is the hundreds digit of h?
3
Let f(i) = 2*i**3 + 67*i**2 + 76*i - 18. What is the tens digit of f(-26)?
4
Let g = 979 + -308. Suppose -8*m + g + 1729 = 0. What is the units digit of m?
0
Suppose -z - 152402 = -4*v, 4*z + 28633 = v - 9445. What is the thousands digit of v?
8
Let b be 1*((-4)/4 - 4) + 107. Let t = 145 - 206. Let a = b + t. What is the units digit of a?
1
Let n(v) = -7*v + 73. Suppose -2*s + z + 48 = 3*s, 0 = z - 2. Let t be n(s). Suppose -t*j + 415 + 128 = 0. What is the tens digit of j?
8
Let v(z) = -18*z - 7. Let c be v(0). Let f(i) = -40*i + 161. What is the tens digit of f(c)?
4
Let t(f) = -2*f**3 + 5*f**2 - 22*f + 61. What is the units digit of t(-15)?
6
Suppose 0 = 178*r + 348694 - 481154 - 964198. What is the units digit of r?
1
Let u = -319 - -311. What is the tens digit of 614 + ((-30)/20)/((-6)/u)?
1
Let p(a) be the second derivative of -a**4/6 + a**3/6 + 481*a**2 + 26*a. Let j be p(0). Suppose -5*o - 307 = -j. What is the tens digit of o?
3
Suppose -11*z = 1503 + 1621. Let i = 928 + z. What is the tens digit of i?
4
Suppose 5*u + 631 = -5*x + 1821, 4*u - 907 = 5*x. Let c = 300 - u. What is the units digit of c?
7
Suppose -16*i - c - 12943 = -20*i, -c = 2*i - 6479. What is the hundreds digit of i?
2
Let q = 6521 + -4920. What is the units digit of q?
1
Let u = -601 + 107. Let s = 365 - u. What is the hundreds digit of s?
8
Let n(f) = -3*f**2 + 15*f + 2. Let v be n(5). Suppose 0 = 3*k + 4 + v, -m - 172 = -2*k. Let w = m - -304. What is the units digit of w?
8
Let u = 383 - 665. Suppose 2*v + 2 - 6 = 0. What is the hundreds digit of ((6 - v) + -5)*u?
2
Suppose 1324*r = 1336*r - 676824. What is the ten thousands digit of r?
5
Let c = -126 + 748. Let n = c + -375. What is the hundreds digit of n?
2
Let x(s) = 138*s**2 + 2*s - 4. Let p be x(4). Suppose -23*q - p + 22337 = 0. What is the hundreds digit of q?
8
Let m be (-7)/((-28)/(-3))*-4. Suppose -3*v = -5*o - 138, v - 46 = -o - m*o. Let r = -26 + v. What is the units digit of r?
0
Let w(c) = 2*c**2 + 15*c + 25. Let s be w(-6). Suppose -s*t = -8*t + 2. Suppose 2*l - 67 = p + 2*p, -t*p + 174 = 4*l. What is the tens digit of l?
4
Suppose 2*x - 144 = 4*o, -2*o = -4*x + 5*x - 76. Let b = x - -289. Suppose 0 = -2*g + b - 147. What is the tens digit of g?
0
Suppose -55*g + 59*g - 97970 = -5*n, -4*g + 97992 = -6*n. What is the hundreds digit of g?
4
Let h = 1433 - -6225. What is the tens digit of h?
5
Let n(d) = -103*d. Let v be n(2). Let h = v - -112. What is the units digit of (h